{"id":7,"date":"2018-09-10T12:46:43","date_gmt":"2018-09-10T12:46:43","guid":{"rendered":"http:\/\/law-firm.bold-themes.com\/master-import\/?page_id=7"},"modified":"2026-02-25T21:53:32","modified_gmt":"2026-02-25T21:53:32","slug":"home","status":"publish","type":"page","link":"http:\/\/www.unispourdrap.fr\/","title":{"rendered":"Menu"},"content":{"rendered":"<p><section data-bb-version=\"5.4.2\" id=\"bt_bb_section69dab19243d67\" class=\"bt_bb_section bt_bb_color_scheme_1 bt_bb_layout_boxed_1200 bt_bb_full_screen bt_bb_vertical_align_middle bt_bb_background_overlay_dark_solid bt_bb_top_spacing_large bt_bb_bottom_spacing_large\" style=\"; --section-primary-color:#ffffff; --section-secondary-color:#191919;;background-color:rgb(0,0,0);\" data-bt-override-class=\"null\"><div class=\"bt_bb_background_image_holder_wrapper\"><div class=\"bt_bb_background_image_holder bt_bb_parallax\"  data-parallax=\"0.7\" data-parallax-offset=\"0\" data-parallax-zoom-start=\"1\" data-parallax-zoom-end=\"1\" data-parallax-blur-start=\"0\" data-parallax-blur-end=\"0\" data-parallax-opacity-start=\"1\" data-parallax-opacity-end=\"1\" style=\" background-image:url(&#039;http:\/\/www.unispourdrap.fr\/wp-content\/uploads\/2026\/02\/BIANCHI.png&#039;);\"><\/div><\/div><div class=\"bt_bb_port\"><div class=\"bt_bb_cell\"><div class=\"bt_bb_cell_inner\"><div class=\"bt_bb_row \"  data-bt-override-class=\"{}\"><div class=\"bt_bb_row_holder\" ><div  class=\"bt_bb_column col-xxl-12 col-xl-12 bt_bb_vertical_align_top bt_bb_align_left bt_bb_padding_normal bt_bb_animation_fade_in animate bt_bb_shape_inherit\" style=\"; --column-width:12;\" data-width=\"12\" data-bt-override-class=\"{}\"><div class=\"bt_bb_column_content\"><div class=\"bt_bb_column_content_inner\"><div class=\"bt_bb_separator bt_bb_border_style_none bt_bb_bottom_spacing_normal\" data-bt-override-class=\"null\"><\/div><\/div><\/div><\/div><\/div><\/div><\/div><!-- cell_inner --><\/div><!-- cell --><\/div><!-- port --><\/section><section data-bb-version=\"5.4.2\" id=\"bt_bb_section69dab19243f38\" class=\"bt_bb_section bt_bb_color_scheme_2 bt_bb_layout_boxed_limit_1600 bt_bb_full_screen bt_bb_vertical_align_middle bt_bb_top_spacing_normal bt_bb_bottom_spacing_none\" style=\"; --section-primary-color:#191919; --section-secondary-color:#ffffff;\" data-bt-override-class=\"{&quot;bt_bb_top_spacing_&quot;:{&quot;current_class&quot;:&quot;bt_bb_top_spacing_normal&quot;,&quot;def&quot;:&quot;normal&quot;},&quot;bt_bb_bottom_spacing_&quot;:{&quot;current_class&quot;:&quot;bt_bb_bottom_spacing_none&quot;,&quot;def&quot;:&quot;none&quot;}}\"><div class=\"bt_bb_port\"><div class=\"bt_bb_cell\"><div class=\"bt_bb_cell_inner\"><div data-bb-version=\"5.4.2\" class=\"bt_bb_row  bt_bb_shape_square bt_bb_shape_square bt_bb_border_visible\"  data-bt-override-class=\"{}\"><div class=\"bt_bb_row_holder\" ><div data-bb-version=\"5.4.2\"  class=\"bt_bb_column col-xxl-6 col-xl-6 bt_bb_vertical_align_middle bt_bb_align_center bt_bb_column_background_image bt_bb_padding_normal bt_bb_shape_inherit\" style=\"background-image:url(&#039;http:\/\/www.unispourdrap.fr\/wp-content\/uploads\/2026\/02\/DJI_0991.MP4.00_00_59_07.Still003-scaled.jpg&#039;);; --column-width:6;\" data-width=\"6\" data-bt-override-class=\"{&quot;bt_bb_align_&quot;:{&quot;current_class&quot;:&quot;bt_bb_align_center&quot;,&quot;def&quot;:&quot;center&quot;},&quot;bt_bb_animation_&quot;:{&quot;current_class&quot;:&quot;bt_bb_animation_no_animation&quot;,&quot;def&quot;:&quot;no_animation&quot;}}\"><div class=\"bt_bb_column_content\"><div class=\"bt_bb_column_content_inner\"><\/div><\/div><\/div><div  class=\"bt_bb_column col-xxl-6 col-xl-6 bt_bb_vertical_align_middle bt_bb_align_left bt_bb_padding_normal bt_bb_animation_fade_in animate bt_bb_shape_inherit\" style=\"; --column-width:6;\" data-width=\"6\" data-bt-override-class=\"{}\"><div class=\"bt_bb_column_content\"><div class=\"bt_bb_column_content_inner\"><header data-bb-version=\"5.4.2\" class=\"bt_bb_headline bt_bb_dash_none bt_bb_size_extralarge bt_bb_align_inherit\" data-bt-override-class=\"{&quot;bt_bb_size_&quot;:{&quot;current_class&quot;:&quot;bt_bb_size_extralarge&quot;,&quot;def&quot;:&quot;extralarge&quot;}}\"><h2 class=\"bt_bb_headline_tag\"><span class=\"bt_bb_headline_content\"><span>Ensemble, construisons l\u2019avenir de Drap<br \/><br \/>\n<\/span><\/span><\/h2><\/header><div class=\"bt_bb_separator bt_bb_border_style_none bt_bb_bottom_spacing_normal\" data-bt-override-class=\"null\"><\/div><div  class=\"bt_bb_text\" ><\/p>\n<p>Un engagement sinc\u00e8re au service des Drapois<br \/>Attach\u00e9 aux valeurs de proximit\u00e9, de transparence et d\u2019int\u00e9r\u00eat g\u00e9n\u00e9ral, Romain Bianchi porte un projet municipal fond\u00e9 sur l\u2019\u00e9coute des habitants et le d\u00e9veloppement durable du territoire.<\/p>\n<p>\n<\/div><div class=\"bt_bb_separator bt_bb_border_style_none bt_bb_bottom_spacing_45\" data-bt-override-class=\"null\"><\/div><div data-bb-version=\"5.4.2\" class=\"bt_bb_button bt_bb_color_scheme_8 bt_bb_icon_position_left bt_bb_style_outline bt_bb_size_normal bt_bb_width_inline bt_bb_shape_rounded bt_bb_target_self bt_bb_align_inherit\" style=\"; --primary-color:#2f52a0; --secondary-color:#ffffff;\" data-bt-override-class=\"{&quot;bt_bb_align_&quot;:{&quot;current_class&quot;:&quot;bt_bb_align_inherit&quot;,&quot;def&quot;:&quot;inherit&quot;,&quot;xl&quot;:&quot;inherit&quot;}}\"><a href=\"about-me\" target=\"_self\" class=\"bt_bb_link\" title=\"D\u00e9couvrir le programme\"><span class=\"bt_bb_button_text\" >D\u00e9couvrir le programme<\/span><\/a><\/div><div class=\"bt_bb_separator bt_bb_border_style_none bt_bb_bottom_spacing_medium\" data-bt-override-class=\"null\"><\/div><\/div><\/div><\/div><\/div><\/div><\/div><!-- cell_inner --><\/div><!-- cell --><\/div><!-- port --><\/section><section data-bb-version=\"5.4.2\" id=\"bt_bb_section69dab192446ee\" class=\"bt_bb_section bt_bb_color_scheme_8 bt_bb_layout_boxed_1200 bt_bb_vertical_align_top bt_bb_top_spacing_large bt_bb_bottom_spacing_medium\" style=\"; --section-primary-color:#2f52a0; --section-secondary-color:#ffffff;\" data-bt-override-class=\"null\"><div class=\"bt_bb_port\"><div class=\"bt_bb_cell\"><div class=\"bt_bb_cell_inner\"><div class=\"bt_bb_row \"  data-bt-override-class=\"{}\"><div class=\"bt_bb_row_holder\" ><div  class=\"bt_bb_column col-xxl-12 col-xl-12 bt_bb_vertical_align_top bt_bb_align_center bt_bb_padding_normal bt_bb_animation_fade_in animate bt_bb_shape_inherit\" style=\"; --column-width:12;\" data-width=\"12\" data-bt-override-class=\"{}\"><div class=\"bt_bb_column_content\"><div class=\"bt_bb_column_content_inner\"><header data-bb-version=\"5.4.2\" class=\"bt_bb_headline bt_bb_dash_none bt_bb_size_large bt_bb_align_inherit\" data-bt-override-class=\"{}\"><h3 class=\"bt_bb_headline_tag\"><span class=\"bt_bb_headline_content\"><span>Nos projets<\/span><\/span><\/h3><\/header><div data-bb-version=\"4.9.1\" class=\"bt_bb_accordion bt_bb_style_outline bt_bb_shape_square\"><\/div><div data-bb-version=\"4.9.1\" class=\"bt_bb_separator bt_bb_border_style_solid bt_bb_top_spacing_extra_small bt_bb_bottom_spacing_extra_small\" data-bt-override-class=\"{&quot;bt_bb_top_spacing_&quot;:{&quot;current_class&quot;:&quot;bt_bb_top_spacing_extra_small&quot;,&quot;def&quot;:&quot;extra_small&quot;},&quot;bt_bb_bottom_spacing_&quot;:{&quot;current_class&quot;:&quot;bt_bb_bottom_spacing_extra_small&quot;,&quot;def&quot;:&quot;extra_small&quot;}}\"><\/div><div data-bb-version=\"5.4.2\" class=\" bt_bb_row_inner bt_bb_shadow_visible bt_bb_color_scheme_2\" style=\"; --row-inner-primary-color:#191919; --row-inner-secondary-color:#ffffff;\"  data-bt-override-class=\"{}\"><div class=\"bt_bb_row_inner_holder\"  ><div data-bb-version=\"4.9.1\"  class=\"bt_bb_column_inner col-xxl-6 col-xl-6 col-xs-12 col-sm-6 col-md-6 col-lg-6 bt_bb_vertical_align_top bt_bb_align_left bt_bb_padding_normal\"  data-width=\"6\" data-bt-override-class=\"{}\"><div class=\"bt_bb_column_inner_content\"><div class=\"bt_bb_column_inner_content_inner\"><div data-bb-version=\"4.9.1\"  class=\"bt_bb_text\" ><\/p>\n<h3 data-start=\"239\" data-end=\"295\">Des actions concr\u00e8tes pour am\u00e9liorer le quotidien des drapois et drapoise<\/h3>\n<p data-start=\"297\" data-end=\"488\">Nous ne proposons pas des promesses irr\u00e9alistes, mais une vision claire et des projets utiles, r\u00e9alisables et construits \u00e0 partir des besoins exprim\u00e9s par les habitants.<\/p>\n<p data-start=\"490\" data-end=\"573\">Notre priorit\u00e9 : <strong data-start=\"507\" data-end=\"573\">agir efficacement pour aujourd\u2019hui tout en pr\u00e9parant l\u2019avenir.<\/strong><\/p>\n<p>\n<\/div><\/div><\/div><\/div><div data-bb-version=\"4.9.1\"  class=\"bt_bb_column_inner col-xxl-6 col-xl-6 col-xs-12 col-sm-6 col-md-6 col-lg-6 bt_bb_vertical_align_top bt_bb_align_left bt_bb_padding_normal\"  data-width=\"6\" data-bt-override-class=\"{}\"><div class=\"bt_bb_column_inner_content\"><div class=\"bt_bb_column_inner_content_inner\"><div data-bb-version=\"5.4.2\" class=\"bt_bb_video bt_bb_disable_controls_no bt_bb_hidden_xs bt_bb_hidden_ms bt_bb_hidden_sm bt_bb_hidden_md\"><div class=\"bt-video-container\"><div style=\"width: 100%;\" class=\"wp-video\"><video class=\"wp-video-shortcode\" id=\"video-7-1\" width=\"640\" height=\"360\" preload=\"metadata\" controls=\"controls\"><source type=\"video\/vimeo\" src=\"https:\/\/vimeo.com\/1168258120?loop=0&#038;_=1\" \/><a href=\"https:\/\/vimeo.com\/1168258120?loop=0\">https:\/\/vimeo.com\/1168258120?loop=0<\/a><\/video><\/div><\/div><\/div><\/div><\/div><\/div><\/div><\/div><\/div><\/div><\/div><\/div><\/div><\/div><!-- cell_inner --><\/div><!-- cell --><\/div><!-- port --><\/section><section id=\"bt_bb_section69dab19244e59\" class=\"bt_bb_section bt_bb_color_scheme_1 bt_bb_layout_wide bt_bb_vertical_align_top\" style=\"; --section-primary-color:#ffffff; --section-secondary-color:#191919;\" data-bt-override-class=\"null\"><div class=\"bt_bb_port\"><div class=\"bt_bb_cell\"><div class=\"bt_bb_cell_inner\"><div class=\"bt_bb_row \"  data-bt-override-class=\"{}\"><div class=\"bt_bb_row_holder\" ><div data-bb-version=\"5.4.2\"  class=\"bt_bb_column col-xxl-6 col-xl-6 bt_bb_vertical_align_middle bt_bb_align_center bt_bb_padding_80 bt_bb_animation_fade_in animate bt_bb_shape_inherit\" style=\"background-color:rgb(46,82,160);; --column-width:6;\" data-width=\"6\" data-bt-override-class=\"{}\"><div class=\"bt_bb_column_content\"><div class=\"bt_bb_column_content_inner\"><div class=\"bt_bb_separator bt_bb_border_style_none bt_bb_bottom_spacing_large\" data-bt-override-class=\"null\"><\/div><header data-bb-version=\"5.4.2\" class=\"bt_bb_headline bt_bb_dash_none bt_bb_size_huge bt_bb_align_inherit\" data-bt-override-class=\"{}\"><h1 class=\"bt_bb_headline_tag\"><span class=\"bt_bb_headline_content\"><span>\u00c9venements<\/span><\/span><\/h1><\/header><div class=\"bt_bb_separator btWithIcon bt_bb_border_style_solid bt_bb_top_spacing_medium bt_bb_bottom_spacing_medium\" style=\"; opacity: 0.5\" data-bt-override-class=\"null\"><span  data-ico-badges=\"&#xf115;\" class=\"bt_bb_icon_holder\"><\/span><\/div><header data-bb-version=\"5.4.2\" class=\"bt_bb_headline bt_bb_dash_none bt_bb_size_extrasmall bt_bb_align_inherit\" data-bt-override-class=\"{}\"><h5 class=\"bt_bb_headline_tag\"><span class=\"bt_bb_headline_content\"><span>\u00c9lections municipales de Drap : <\/span><\/span><\/h5><\/header><div class=\"bt_bb_separator bt_bb_border_style_none bt_bb_bottom_spacing_medium\" data-bt-override-class=\"null\"><\/div><div data-bb-version=\"5.4.2\" class=\"bt_bb_countdown btCounterHolder bt_bb_size_normal bt_bb_animation_fade_in animate\" data-bt-override-class=\"{&quot;bt_bb_animation_&quot;:{&quot;current_class&quot;:&quot;bt_bb_animation_fade_in animate&quot;,&quot;def&quot;:&quot;fade_in animate&quot;}}\"><div class=\"btCountdownHolder\" data-init-seconds=\"0\"><span class=\"days\" data-text=\"Days\"><\/span><span class=\"hours\"><span class=\"n0\"><span><\/span><span><\/span><\/span><span class=\"n1\"><span><\/span><span><\/span><\/span><span class=\"hours_text\"><span>Hours<\/span><\/span><\/span><span class=\"minutes\"><span class=\"n0\"><span><\/span><span><\/span><\/span><span class=\"n1\"><span><\/span><span><\/span><\/span><span class=\"minutes_text\"><span>Minutes<\/span><\/span><\/span><span class=\"seconds\"><span class=\"n0\"><span><\/span><span><\/span><\/span><span class=\"n1\"><span><\/span><span><\/span><\/span><span class=\"seconds_text\"><span>Seconds<\/span><\/span><\/span><\/div><\/div><div class=\"bt_bb_separator bt_bb_border_style_none bt_bb_bottom_spacing_large\" data-bt-override-class=\"null\"><\/div><\/div><\/div><\/div><div data-bb-version=\"5.4.2\"  class=\"bt_bb_column col-xxl-6 col-xl-6 bt_bb_vertical_align_middle bt_bb_align_left bt_bb_padding_80 bt_bb_animation_fade_in animate bt_bb_shape_inherit\" style=\"background-color:rgb(248,175,36);; --column-width:6;\" data-width=\"6\" data-bt-override-class=\"{}\"><div class=\"bt_bb_column_content\"><div class=\"bt_bb_column_content_inner\"><div class=\"bt_bb_separator bt_bb_border_style_solid bt_bb_top_spacing_large bt_bb_bottom_spacing_extra_small\" style=\"; border-width: 2px\" data-bt-override-class=\"null\"><\/div><div class=\"bt_bb_single_event\"><div class=\"bt_bb_single_event\"><div class=\"bt_bb_single_event_content\"><div class=\"bt_bb_single_event_date\"><div class=\"bt_bb_single_event_day\">04<\/div><div class=\"bt_bb_single_event_month\">September<\/div><div class=\"bt_bb_single_event_time\">19.30h<\/div><\/div><div class=\"bt_bb_single_event_details\"><div class=\"bt_bb_single_event_content_title\">Fundraising Dinner<\/div><div class=\"bt_bb_single_event_content_description\">Benefit Teragram Hall<br \/><br \/>\n395 Nostrand Ave, Brooklyn. NY<\/div><\/div><div class=\"bt_bb_single_event_content_inner\"><div class=\"bt_bb_button bt_bb_icon_position_left bt_bb_style_clean bt_bb_size_small bt_bb_width_inline bt_bb_shape_inherit bt_bb_target_self bt_bb_align_inherit\" data-bt-override-class=\"{}\"><a href=\"#\" target=\"_self\" class=\"bt_bb_link\" title=\"SOLD OUT\"><span class=\"bt_bb_button_text\" >SOLD OUT<\/span><\/a><\/div><\/div><\/div><\/div><\/div><div class=\"bt_bb_separator bt_bb_border_style_solid bt_bb_top_spacing_small bt_bb_bottom_spacing_small\" style=\"; border-width: 2px\" data-bt-override-class=\"null\"><\/div><div class=\"bt_bb_single_event\"><div class=\"bt_bb_single_event\"><div class=\"bt_bb_single_event_content\"><div class=\"bt_bb_single_event_date\"><div class=\"bt_bb_single_event_day\">06<\/div><div class=\"bt_bb_single_event_month\">September<\/div><div class=\"bt_bb_single_event_time\">19.30h<\/div><\/div><div class=\"bt_bb_single_event_details\"><div class=\"bt_bb_single_event_content_title\">Elections: Mayoral Debate<\/div><div class=\"bt_bb_single_event_content_description\">Benefit Teragram Hall<br \/><br \/>\n395 Nostrand Ave, Brooklyn. NY<\/div><\/div><div class=\"bt_bb_single_event_content_inner\"><div class=\"bt_bb_button bt_bb_color_scheme_4 bt_bb_icon_position_left bt_bb_style_filled bt_bb_size_small bt_bb_width_inline bt_bb_shape_inherit bt_bb_target_self bt_bb_align_inherit\" style=\"; --primary-color:#f8af24; --secondary-color:#ffffff;\" data-bt-override-class=\"{}\"><a href=\"#\" target=\"_self\" class=\"bt_bb_link\" title=\"BUY TICKETS\"><span class=\"bt_bb_button_text\" >BUY TICKETS<\/span><\/a><\/div><\/div><\/div><\/div><\/div><div class=\"bt_bb_separator bt_bb_border_style_solid bt_bb_top_spacing_small bt_bb_bottom_spacing_small\" style=\"; border-width: 2px\" data-bt-override-class=\"null\"><\/div><div class=\"bt_bb_single_event\"><div class=\"bt_bb_single_event\"><div class=\"bt_bb_single_event_content\"><div class=\"bt_bb_single_event_date\"><div class=\"bt_bb_single_event_day\">12<\/div><div class=\"bt_bb_single_event_month\">September<\/div><div class=\"bt_bb_single_event_time\">19.30h<\/div><\/div><div class=\"bt_bb_single_event_details\"><div class=\"bt_bb_single_event_content_title\">Elections: Hot Topics<\/div><div class=\"bt_bb_single_event_content_description\">Benefit Teragram Hall<br \/><br \/>\n395 Nostrand Ave, Brooklyn. NY<\/div><\/div><div class=\"bt_bb_single_event_content_inner\"><div class=\"bt_bb_button bt_bb_color_scheme_4 bt_bb_icon_position_left bt_bb_style_filled bt_bb_size_small bt_bb_width_inline bt_bb_shape_inherit bt_bb_target_self bt_bb_align_inherit\" style=\"; --primary-color:#f8af24; --secondary-color:#ffffff;\" data-bt-override-class=\"{}\"><a href=\"#\" target=\"_self\" class=\"bt_bb_link\" title=\"BUY TICKETS\"><span class=\"bt_bb_button_text\" >BUY TICKETS<\/span><\/a><\/div><\/div><\/div><\/div><\/div><div class=\"bt_bb_separator bt_bb_border_style_solid bt_bb_top_spacing_small bt_bb_bottom_spacing_small\" style=\"; border-width: 2px\" data-bt-override-class=\"null\"><\/div><div class=\"bt_bb_single_event\"><div class=\"bt_bb_single_event\"><div class=\"bt_bb_single_event_content\"><div class=\"bt_bb_single_event_date\"><div class=\"bt_bb_single_event_day\">14<\/div><div class=\"bt_bb_single_event_month\">September<\/div><div class=\"bt_bb_single_event_time\">19.30h<\/div><\/div><div class=\"bt_bb_single_event_details\"><div class=\"bt_bb_single_event_content_title\">Elections: Policy Positions<\/div><div class=\"bt_bb_single_event_content_description\">Benefit Teragram Hall<br \/><br \/>\n395 Nostrand Ave, Brooklyn. NY<\/div><\/div><div class=\"bt_bb_single_event_content_inner\"><div class=\"bt_bb_button bt_bb_icon_position_left bt_bb_style_clean bt_bb_size_small bt_bb_width_inline bt_bb_shape_inherit bt_bb_target_self bt_bb_align_inherit\" data-bt-override-class=\"{}\"><a href=\"#\" target=\"_self\" class=\"bt_bb_link\" title=\"FREE ENTRANCE\"><span class=\"bt_bb_button_text\" >FREE ENTRANCE<\/span><\/a><\/div><\/div><\/div><\/div><\/div><div class=\"bt_bb_separator bt_bb_border_style_solid bt_bb_top_spacing_small bt_bb_bottom_spacing_medium\" style=\"; border-width: 2px\" data-bt-override-class=\"null\"><\/div><div class=\"bt_bb_button bt_bb_color_scheme_6 bt_bb_icon_position_left bt_bb_style_outline bt_bb_size_normal bt_bb_width_full bt_bb_shape_rounded bt_bb_target_self bt_bb_align_inherit\" style=\"; --primary-color:#ffffff; --secondary-color:#f8af24;\" data-bt-override-class=\"{}\"><a href=\"#\" target=\"_self\" class=\"bt_bb_link\" title=\"All Events\"><span class=\"bt_bb_button_text\" >All Events<\/span><\/a><\/div><div class=\"bt_bb_separator bt_bb_border_style_none bt_bb_bottom_spacing_large\" data-bt-override-class=\"null\"><\/div><\/div><\/div><\/div><\/div><\/div><\/div><!-- cell_inner --><\/div><!-- cell --><\/div><!-- port --><\/section><\/p>\n","protected":false},"excerpt":{"rendered":"","protected":false},"author":2,"featured_media":0,"parent":0,"menu_order":0,"comment_status":"closed","ping_status":"closed","template":"","meta":{"footnotes":""},"class_list":["post-7","page","type-page","status-publish","hentry"],"_links":{"self":[{"href":"http:\/\/www.unispourdrap.fr\/index.php?rest_route=\/wp\/v2\/pages\/7","targetHints":{"allow":["GET"]}}],"collection":[{"href":"http:\/\/www.unispourdrap.fr\/index.php?rest_route=\/wp\/v2\/pages"}],"about":[{"href":"http:\/\/www.unispourdrap.fr\/index.php?rest_route=\/wp\/v2\/types\/page"}],"author":[{"embeddable":true,"href":"http:\/\/www.unispourdrap.fr\/index.php?rest_route=\/wp\/v2\/users\/2"}],"replies":[{"embeddable":true,"href":"http:\/\/www.unispourdrap.fr\/index.php?rest_route=%2Fwp%2Fv2%2Fcomments&post=7"}],"version-history":[{"count":36,"href":"http:\/\/www.unispourdrap.fr\/index.php?rest_route=\/wp\/v2\/pages\/7\/revisions"}],"predecessor-version":[{"id":2790,"href":"http:\/\/www.unispourdrap.fr\/index.php?rest_route=\/wp\/v2\/pages\/7\/revisions\/2790"}],"wp:attachment":[{"href":"http:\/\/www.unispourdrap.fr\/index.php?rest_route=%2Fwp%2Fv2%2Fmedia&parent=7"}],"curies":[{"name":"wp","href":"https:\/\/api.w.org\/{rel}","templated":true}]}}